180.76.15.30 - - [10/May/2016:02:21:29 +0200] "GET /index.php/en/help/156-how-do-i-purchase-a-subscription HTTP/1.1" 200 3729 "-" "Mozilla/5.0 (compatible; Baiduspider/2.0; +http://www.baidu.com/search/spider.html)" www.international-dating-portal.com
208.115.113.86 - - [10/May/2016:02:45:21 +0200] "GET /robots.txt HTTP/1.1" 200 865 "-" "Mozilla/5.0 (compatible; DotBot/1.1; http://www.opensiteexplorer.org/dotbot, help@moz.com)" international-dating-portal.com
208.115.113.86 - - [10/May/2016:03:59:18 +0200] "GET /index.php/de/hilfe/100-wie-funktioniert-mein-briefkasten HTTP/1.1" 200 14196 "-" "Mozilla/5.0 (compatible; DotBot/1.1; http://www.opensiteexplorer.org/dotbot, help@moz.com)" international-dating-portal.com
208.115.113.86 - - [10/May/2016:03:59:23 +0200] "GET /index.php/de/hilfe/105-ein-mitglied-haelt-sich-nicht-an-die-regeln-was-kann-ich-tun?tmpl=component&print=1&page= HTTP/1.1" 200 3651 "-" "Mozilla/5.0 (compatible; DotBot/1.1; http://www.opensiteexplorer.org/dotbot, help@moz.com)" international-dating-portal.com
180.76.15.157 - - [10/May/2016:04:46:10 +0200] "GET /index.php/de/hilfe HTTP/1.1" 200 4437 "-" "Mozilla/5.0 (compatible; Baiduspider/2.0; +http://www.baidu.com/search/spider.html)" international-dating-portal.com
208.115.113.94 - - [10/May/2016:04:54:47 +0200] "GET /robots.txt HTTP/1.1" 200 865 "-" "Mozilla/5.0 (compatible; DotBot/1.1; http://www.opensiteexplorer.org/dotbot, help@moz.com)" international-dating-portal.com
208.115.113.94 - - [10/May/2016:05:41:20 +0200] "GET /index.php/de/hilfe/102-wie-kann-ich-ein-mitglied-aus-meiner-favoritenliste-entfernen HTTP/1.1" 200 12271 "-" "Mozilla/5.0 (compatible; DotBot/1.1; http://www.opensiteexplorer.org/dotbot, help@moz.com)" international-dating-portal.com
208.115.113.86 - - [10/May/2016:06:40:47 +0200] "GET /robots.txt HTTP/1.1" 200 865 "-" "Mozilla/5.0 (compatible; DotBot/1.1; http://www.opensiteexplorer.org/dotbot, help@moz.com)" international-dating-portal.com
208.115.111.66 - - [10/May/2016:07:08:01 +0200] "GET /robots.txt HTTP/1.1" 404 285 "-" "Mozilla/5.0 (compatible; DotBot/1.1; http://www.opensiteexplorer.org/dotbot, help@moz.com)" web180.login-94.hoststar.ch
180.76.15.31 - - [10/May/2016:07:28:36 +0200] "GET / HTTP/1.1" 200 20 "-" "Mozilla/5.0 (compatible; Baiduspider/2.0; +http://www.baidu.com/search/spider.html)" www.international-dating-portal.com
180.76.15.145 - - [10/May/2016:07:28:37 +0200] "GET /index.php/en/ HTTP/1.1" 200 4265 "-" "Mozilla/5.0 (compatible; Baiduspider/2.0; +http://www.baidu.com/search/spider.html)" www.international-dating-portal.com
195.154.184.40 - - [10/May/2016:07:45:52 +0200] "GET / HTTP/1.1" 200 20 "-" "Mozilla/5.0 (Windows NT 6.1; rv:34.0) Gecko/20100101 Firefox/34.0" international-dating-portal.com
195.154.184.40 - - [10/May/2016:07:45:53 +0200] "GET /index.php/en/ HTTP/1.1" 200 4260 "http://international-dating-portal.com" "Go-http-client/1.1" international-dating-portal.com
180.76.15.15 - - [10/May/2016:07:59:26 +0200] "GET /index.php/en/component/search/?Itemid=495&catid=82&id=178&format=opensearch HTTP/1.1" 200 378 "-" "Mozilla/5.0 (compatible; Baiduspider/2.0; +http://www.baidu.com/search/spider.html)" international-dating-portal.com
208.115.113.86 - - [10/May/2016:08:16:11 +0200] "GET /index.php/de/impressum HTTP/1.1" 200 11948 "-" "Mozilla/5.0 (compatible; DotBot/1.1; http://www.opensiteexplorer.org/dotbot, help@moz.com)" international-dating-portal.com
180.76.15.31 - - [10/May/2016:08:32:55 +0200] "GET /index.php/en/component/search/?Itemid=495&catid=82&id=150&format=opensearch HTTP/1.1" 200 379 "-" "Mozilla/5.0 (compatible; Baiduspider/2.0; +http://www.baidu.com/search/spider.html)" international-dating-portal.com
180.76.15.149 - - [10/May/2016:08:35:34 +0200] "GET /index.php/en/help/152-why-can-t-i-upload-gallery-pictures HTTP/1.1" 200 3819 "-" "Mozilla/5.0 (compatible; Baiduspider/2.0; +http://www.baidu.com/search/spider.html)" www.international-dating-portal.com
220.181.108.147 - - [10/May/2016:08:47:32 +0200] "GET /index.php/en/component/comprofiler/lostpassword HTTP/1.1" 200 4745 "-" "Mozilla/5.0 (compatible; Baiduspider/2.0; +http://www.baidu.com/search/spider.html)" international-dating-portal.com
208.115.111.66 - - [10/May/2016:08:49:11 +0200] "GET /joomla/idp_production16/index.php/en/help/181-how-do-i-delete-my-registration HTTP/1.1" 404 352 "-" "Mozilla/5.0 (compatible; DotBot/1.1; http://www.opensiteexplorer.org/dotbot, help@moz.com)" web180.login-94.hoststar.ch
157.55.39.209 - - [10/May/2016:10:08:15 +0200] "GET /index.php/en/help/141-why-do-i-need-a-security-code HTTP/1.1" 200 3796 "-" "Mozilla/5.0 (compatible; bingbot/2.0; +http://www.bing.com/bingbot.htm)" www.international-dating-portal.com
208.115.113.86 - - [10/May/2016:10:33:47 +0200] "GET /robots.txt HTTP/1.1" 200 865 "-" "Mozilla/5.0 (compatible; DotBot/1.1; http://www.opensiteexplorer.org/dotbot, help@moz.com)" international-dating-portal.com
45.33.59.157 - - [10/May/2016:11:37:29 +0200] "HEAD / HTTP/1.1" 200 - "http://uptime.com/international-dating-portal.com" "Mozilla/5.0 (compatible; Uptimebot/1.0; +http://www.uptime.com/uptimebot)" international-dating-portal.com
208.115.113.86 - - [10/May/2016:12:02:41 +0200] "GET /index.php/de/hilfe/99-wie-kann-ich-einem-mitglied-eine-persoenliche-nachricht-senden?tmpl=component&print=1&page= HTTP/1.1" 200 6648 "-" "Mozilla/5.0 (compatible; DotBot/1.1; http://www.opensiteexplorer.org/dotbot, help@moz.com)" international-dating-portal.com
208.115.113.86 - - [10/May/2016:12:38:02 +0200] "GET /robots.txt HTTP/1.1" 200 865 "-" "Mozilla/5.0 (compatible; DotBot/1.1; http://www.opensiteexplorer.org/dotbot, help@moz.com)" international-dating-portal.com
208.115.111.66 - - [10/May/2016:13:06:46 +0200] "GET /robots.txt HTTP/1.1" 404 285 "-" "Mozilla/5.0 (compatible; DotBot/1.1; http://www.opensiteexplorer.org/dotbot, help@moz.com)" web180.login-94.hoststar.ch
180.76.15.158 - - [10/May/2016:13:46:02 +0200] "GET /index.php/en/help?start=30 HTTP/1.1" 200 4356 "-" "Mozilla/5.0 (compatible; Baiduspider/2.0; +http://www.baidu.com/search/spider.html)" www.international-dating-portal.com
208.115.113.83 - - [10/May/2016:14:09:13 +0200] "GET /robots.txt HTTP/1.1" 404 285 "-" "Mozilla/5.0 (compatible; DotBot/1.1; http://www.opensiteexplorer.org/dotbot, help@moz.com)" web180.login-94.hoststar.ch
180.76.15.157 - - [10/May/2016:14:10:23 +0200] "GET /index.php/en/component/search/?Itemid=495&catid=82&id=154&format=opensearch HTTP/1.1" 200 379 "-" "Mozilla/5.0 (compatible; Baiduspider/2.0; +http://www.baidu.com/search/spider.html)" international-dating-portal.com
180.76.15.14 - - [10/May/2016:14:19:31 +0200] "GET /index.php/en/component/search/?Itemid=547&format=opensearch HTTP/1.1" 200 367 "-" "Mozilla/5.0 (compatible; Baiduspider/2.0; +http://www.baidu.com/search/spider.html)" www.international-dating-portal.com
208.115.113.86 - - [10/May/2016:14:27:05 +0200] "GET /index.php/de/hilfe/133-wozu-benoetigt-man-einen-sicherheitscode?tmpl=component&print=1&page= HTTP/1.1" 200 2646 "-" "Mozilla/5.0 (compatible; DotBot/1.1; http://www.opensiteexplorer.org/dotbot, help@moz.com)" international-dating-portal.com
208.115.113.86 - - [10/May/2016:14:27:08 +0200] "GET /index.php/de/allgemeine-geschaeftsbedingungen-agb HTTP/1.1" 200 20679 "-" "Mozilla/5.0 (compatible; DotBot/1.1; http://www.opensiteexplorer.org/dotbot, help@moz.com)" international-dating-portal.com
220.181.108.105 - - [10/May/2016:14:44:38 +0200] "GET / HTTP/1.1" 200 4239 "-" "Mozilla/5.0 (compatible; Baiduspider/2.0; +http://www.baidu.com/search/spider.html)" international-dating-portal.com
208.115.111.66 - - [10/May/2016:14:52:11 +0200] "GET /joomla/idp_production16/index.php/en/help?start=40 HTTP/1.1" 404 316 "-" "Mozilla/5.0 (compatible; DotBot/1.1; http://www.opensiteexplorer.org/dotbot, help@moz.com)" web180.login-94.hoststar.ch
180.76.15.34 - - [10/May/2016:15:58:29 +0200] "GET /index.php/en/help/162-where-do-i-find-my-favourites-list HTTP/1.1" 200 3710 "-" "Mozilla/5.0 (compatible; Baiduspider/2.0; +http://www.baidu.com/search/spider.html)" international-dating-portal.com
208.115.113.83 - - [10/May/2016:15:58:49 +0200] "GET /joomla/idp_production16/index.php/en/data-protection-provisions HTTP/1.1" 404 338 "-" "Mozilla/5.0 (compatible; DotBot/1.1; http://www.opensiteexplorer.org/dotbot, help@moz.com)" web180.login-94.hoststar.ch
208.115.113.86 - - [10/May/2016:16:45:23 +0200] "GET /robots.txt HTTP/1.1" 200 865 "-" "Mozilla/5.0 (compatible; DotBot/1.1; http://www.opensiteexplorer.org/dotbot, help@moz.com)" international-dating-portal.com
180.76.15.6 - - [10/May/2016:17:05:28 +0200] "GET / HTTP/1.1" 200 20 "-" "Mozilla/5.0 (compatible; Baiduspider/2.0; +http://www.baidu.com/search/spider.html)" international-dating-portal.com
180.76.15.18 - - [10/May/2016:17:05:29 +0200] "GET /index.php/en/ HTTP/1.1" 200 4258 "-" "Mozilla/5.0 (compatible; Baiduspider/2.0; +http://www.baidu.com/search/spider.html)" international-dating-portal.com
208.115.113.86 - - [10/May/2016:18:00:05 +0200] "GET /index.php/de/component/content/article/77-hilfe1/119-wie-kann-ich-ein-gesperrtes-mitglied-wieder-entsperren HTTP/1.1" 200 12777 "-" "Mozilla/5.0 (compatible; DotBot/1.1; http://www.opensiteexplorer.org/dotbot, help@moz.com)" international-dating-portal.com
208.115.113.86 - - [10/May/2016:18:00:09 +0200] "GET /index.php/de/hilfe/128-ich-habe-nach-der-registrierung-keine-aktivierungs-e-mail-bekommen-was-kann-ich-tun?tmpl=component&print=1&page= HTTP/1.1" 200 2689 "-" "Mozilla/5.0 (compatible; DotBot/1.1; http://www.opensiteexplorer.org/dotbot, help@moz.com)" international-dating-portal.com
208.115.113.83 - - [10/May/2016:18:27:51 +0200] "GET /robots.txt HTTP/1.1" 404 285 "-" "Mozilla/5.0 (compatible; DotBot/1.1; http://www.opensiteexplorer.org/dotbot, help@moz.com)" web180.login-94.hoststar.ch
31.10.152.226 - - [10/May/2016:18:43:35 +0200] "GET /browserconfig.xml HTTP/1.1" 404 292 "-" "Mozilla/5.0 (Windows NT 10.0) AppleWebKit/537.36 (KHTML, like Gecko) Chrome/46.0.2486.0 Safari/537.36 Edge/13.10586" web180.login-94.hoststar.ch
31.10.152.226 - - [10/May/2016:19:09:24 +0200] "GET /joomla/pre_production/ HTTP/1.1" 200 20 "-" "Mozilla/5.0 (Windows NT 10.0; rv:46.0) Gecko/20100101 Firefox/46.0" web180.login-94.hoststar.ch
31.10.152.226 - - [10/May/2016:19:09:26 +0200] "GET /joomla/pre_production/index.php/de/ HTTP/1.1" 200 5089 "-" "Mozilla/5.0 (Windows NT 10.0; rv:46.0) Gecko/20100101 Firefox/46.0" web180.login-94.hoststar.ch
31.10.152.226 - - [10/May/2016:19:09:30 +0200] "GET /joomla/pre_production/templates/system/css/general.css HTTP/1.1" 304 - "http://web180.login-94.hoststar.ch/joomla/pre_production/index.php/de/" "Mozilla/5.0 (Windows NT 10.0; rv:46.0) Gecko/20100101 Firefox/46.0" web180.login-94.hoststar.ch
31.10.152.226 - - [10/May/2016:19:09:30 +0200] "GET /joomla/pre_production/templates/system/css/system.css HTTP/1.1" 304 - "http://web180.login-94.hoststar.ch/joomla/pre_production/index.php/de/" "Mozilla/5.0 (Windows NT 10.0; rv:46.0) Gecko/20100101 Firefox/46.0" web180.login-94.hoststar.ch
31.10.152.226 - - [10/May/2016:19:09:30 +0200] "GET /joomla/pre_production/templates/coolness/css/template.css HTTP/1.1" 304 - "http://web180.login-94.hoststar.ch/joomla/pre_production/index.php/de/" "Mozilla/5.0 (Windows NT 10.0; rv:46.0) Gecko/20100101 Firefox/46.0" web180.login-94.hoststar.ch
31.10.152.226 - - [10/May/2016:19:09:30 +0200] "GET /joomla/pre_production/media/mod_languages/css/template.css HTTP/1.1" 304 - "http://web180.login-94.hoststar.ch/joomla/pre_production/index.php/de/" "Mozilla/5.0 (Windows NT 10.0; rv:46.0) Gecko/20100101 Firefox/46.0" web180.login-94.hoststar.ch
31.10.152.226 - - [10/May/2016:19:09:30 +0200] "GET /joomla/pre_production/templates/coolness/css/dropdown.css HTTP/1.1" 304 - "http://web180.login-94.hoststar.ch/joomla/pre_production/index.php/de/" "Mozilla/5.0 (Windows NT 10.0; rv:46.0) Gecko/20100101 Firefox/46.0" web180.login-94.hoststar.ch
31.10.152.226 - - [10/May/2016:19:09:30 +0200] "GET /joomla/pre_production/components/com_comprofiler/plugin/templates/default/bootstrap.css?v=eecf1e985ab7d3fd HTTP/1.1" 304 - "http://web180.login-94.hoststar.ch/joomla/pre_production/index.php/de/" "Mozilla/5.0 (Windows NT 10.0; rv:46.0) Gecko/20100101 Firefox/46.0" web180.login-94.hoststar.ch
31.10.152.226 - - [10/May/2016:19:09:30 +0200] "GET /joomla/pre_production/components/com_comprofiler/plugin/templates/default/fontawesome.css?v=eecf1e985ab7d3fd HTTP/1.1" 304 - "http://web180.login-94.hoststar.ch/joomla/pre_production/index.php/de/" "Mozilla/5.0 (Windows NT 10.0; rv:46.0) Gecko/20100101 Firefox/46.0" web180.login-94.hoststar.ch
31.10.152.226 - - [10/May/2016:19:09:30 +0200] "GET /joomla/pre_production/components/com_comprofiler/plugin/templates/default/template.css?v=eecf1e985ab7d3fd HTTP/1.1" 304 - "http://web180.login-94.hoststar.ch/joomla/pre_production/index.php/de/" "Mozilla/5.0 (Windows NT 10.0; rv:46.0) Gecko/20100101 Firefox/46.0" web180.login-94.hoststar.ch
31.10.152.226 - - [10/May/2016:19:09:30 +0200] "GET /joomla/pre_production/media/jui/js/jquery.min.js HTTP/1.1" 304 - "http://web180.login-94.hoststar.ch/joomla/pre_production/index.php/de/" "Mozilla/5.0 (Windows NT 10.0; rv:46.0) Gecko/20100101 Firefox/46.0" web180.login-94.hoststar.ch
31.10.152.226 - - [10/May/2016:19:09:30 +0200] "GET /joomla/pre_production/media/jui/js/jquery-noconflict.js HTTP/1.1" 304 - "http://web180.login-94.hoststar.ch/joomla/pre_production/index.php/de/" "Mozilla/5.0 (Windows NT 10.0; rv:46.0) Gecko/20100101 Firefox/46.0" web180.login-94.hoststar.ch
31.10.152.226 - - [10/May/2016:19:09:31 +0200] "GET /joomla/pre_production/media/jui/js/jquery-migrate.min.js HTTP/1.1" 304 - "http://web180.login-94.hoststar.ch/joomla/pre_production/index.php/de/" "Mozilla/5.0 (Windows NT 10.0; rv:46.0) Gecko/20100101 Firefox/46.0" web180.login-94.hoststar.ch
31.10.152.226 - - [10/May/2016:19:09:31 +0200] "GET /joomla/pre_production/media/jui/js/bootstrap.min.js HTTP/1.1" 304 - "http://web180.login-94.hoststar.ch/joomla/pre_production/index.php/de/" "Mozilla/5.0 (Windows NT 10.0; rv:46.0) Gecko/20100101 Firefox/46.0" web180.login-94.hoststar.ch
31.10.152.226 - - [10/May/2016:19:09:31 +0200] "GET /joomla/pre_production/media/system/js/html5fallback.js HTTP/1.1" 304 - "http://web180.login-94.hoststar.ch/joomla/pre_production/index.php/de/" "Mozilla/5.0 (Windows NT 10.0; rv:46.0) Gecko/20100101 Firefox/46.0" web180.login-94.hoststar.ch
31.10.152.226 - - [10/May/2016:19:09:31 +0200] "GET /joomla/pre_production/media/system/css/system.css HTTP/1.1" 304 - "http://web180.login-94.hoststar.ch/joomla/pre_production/templates/system/css/system.css" "Mozilla/5.0 (Windows NT 10.0; rv:46.0) Gecko/20100101 Firefox/46.0" web180.login-94.hoststar.ch
31.10.152.226 - - [10/May/2016:19:09:31 +0200] "GET /joomla/pre_production/templates/coolness/favicon.ico HTTP/1.1" 304 - "-" "Mozilla/5.0 (Windows NT 10.0; rv:46.0) Gecko/20100101 Firefox/46.0" web180.login-94.hoststar.ch
31.10.152.226 - - [10/May/2016:19:09:31 +0200] "GET /joomla/pre_production/media/mod_languages/images/de.gif HTTP/1.1" 304 - "http://web180.login-94.hoststar.ch/joomla/pre_production/index.php/de/" "Mozilla/5.0 (Windows NT 10.0; rv:46.0) Gecko/20100101 Firefox/46.0" web180.login-94.hoststar.ch
31.10.152.226 - - [10/May/2016:19:09:31 +0200] "GET /joomla/pre_production/media/mod_languages/images/en.gif HTTP/1.1" 304 - "http://web180.login-94.hoststar.ch/joomla/pre_production/index.php/de/" "Mozilla/5.0 (Windows NT 10.0; rv:46.0) Gecko/20100101 Firefox/46.0" web180.login-94.hoststar.ch
31.10.152.226 - - [10/May/2016:19:09:32 +0200] "GET /joomla/pre_production/images/idp_logo_20120212.png HTTP/1.1" 304 - "http://web180.login-94.hoststar.ch/joomla/pre_production/index.php/de/" "Mozilla/5.0 (Windows NT 10.0; rv:46.0) Gecko/20100101 Firefox/46.0" web180.login-94.hoststar.ch
31.10.152.226 - - [10/May/2016:19:09:32 +0200] "GET /joomla/pre_production/components/com_comprofiler/plugin/templates/default/font/fontawesome-webfont.woff2?v=4.5.0 HTTP/1.1" 304 - "http://web180.login-94.hoststar.ch/joomla/pre_production/components/com_comprofiler/plugin/templates/default/fontawesome.css?v=eecf1e985ab7d3fd" "Mozilla/5.0 (Windows NT 10.0; rv:46.0) Gecko/20100101 Firefox/46.0" web180.login-94.hoststar.ch
31.10.152.226 - - [10/May/2016:19:09:32 +0200] "GET /joomla/pre_production/templates/coolness/fonts/IcoMoon.woff HTTP/1.1" 304 - "http://web180.login-94.hoststar.ch/joomla/pre_production/templates/coolness/css/template.css" "Mozilla/5.0 (Windows NT 10.0; rv:46.0) Gecko/20100101 Firefox/46.0" web180.login-94.hoststar.ch
31.10.152.226 - - [10/May/2016:19:09:52 +0200] "GET /ftplogin/?login=web180 HTTP/1.1" 404 284 "-" "Mozilla/5.0 (Windows NT 10.0; rv:46.0) Gecko/20100101 Firefox/46.0" web180.login-94.hoststar.ch
31.10.152.226 - - [10/May/2016:19:09:53 +0200] "GET /favicon.ico HTTP/1.1" 404 286 "-" "Mozilla/5.0 (Windows NT 10.0; rv:46.0) Gecko/20100101 Firefox/46.0" web180.login-94.hoststar.ch
31.10.152.226 - - [10/May/2016:19:09:53 +0200] "GET /favicon.ico HTTP/1.1" 404 286 "-" "Mozilla/5.0 (Windows NT 10.0; rv:46.0) Gecko/20100101 Firefox/46.0" web180.login-94.hoststar.ch
45.33.36.127 - - [10/May/2016:19:58:36 +0200] "HEAD / HTTP/1.1" 200 - "http://uptime.com/international-dating-portal.com" "Mozilla/5.0 (compatible; Uptimebot/1.0; +http://www.uptime.com/uptimebot)" international-dating-portal.com
208.115.113.83 - - [10/May/2016:19:59:06 +0200] "GET /joomla/idp_production16 HTTP/1.1" 404 298 "-" "Mozilla/5.0 (compatible; DotBot/1.1; http://www.opensiteexplorer.org/dotbot, help@moz.com)" web180.login-94.hoststar.ch
208.115.113.94 - - [10/May/2016:20:42:57 +0200] "GET /robots.txt HTTP/1.1" 200 865 "-" "Mozilla/5.0 (compatible; DotBot/1.1; http://www.opensiteexplorer.org/dotbot, help@moz.com)" international-dating-portal.com
208.115.113.94 - - [10/May/2016:21:32:24 +0200] "GET /index.php/de/component/content/article?id=article HTTP/1.1" 200 1518 "-" "Mozilla/5.0 (compatible; DotBot/1.1; http://www.opensiteexplorer.org/dotbot, help@moz.com)" international-dating-portal.com
208.115.113.94 - - [11/May/2016:00:28:52 +0200] "GET /robots.txt HTTP/1.1" 200 865 "-" "Mozilla/5.0 (compatible; DotBot/1.1; http://www.opensiteexplorer.org/dotbot, help@moz.com)" international-dating-portal.com
208.115.113.83 - - [11/May/2016:00:29:06 +0200] "GET /robots.txt HTTP/1.1" 404 285 "-" "Mozilla/5.0 (compatible; DotBot/1.1; http://www.opensiteexplorer.org/dotbot, help@moz.com)" web180.login-94.hoststar.ch
157.55.39.209 - - [11/May/2016:01:19:41 +0200] "GET /robots.txt HTTP/1.1" 200 865 "-" "Mozilla/5.0 (compatible; bingbot/2.0; +http://www.bing.com/bingbot.htm)" www.international-dating-portal.com
157.55.39.209 - - [11/May/2016:01:19:58 +0200] "GET /index.php/en/help/155-why-do-i-even-need-a-paid-subscription HTTP/1.1" 200 3737 "-" "Mozilla/5.0 (compatible; bingbot/2.0; +http://www.bing.com/bingbot.htm)" www.international-dating-portal.com
208.115.113.94 - - [11/May/2016:01:27:07 +0200] "GET /index.php/de/hilfe/82-wie-kann-ich-mich-anmelden?tmpl=component&print=1&page= HTTP/1.1" 200 2530 "-" "Mozilla/5.0 (compatible; DotBot/1.1; http://www.opensiteexplorer.org/dotbot, help@moz.com)" international-dating-portal.com
208.115.113.94 - - [11/May/2016:01:27:10 +0200] "GET /index.php/de/hilfe?catid=93&id=93:warum-sehe-ich-nach-dem-hochladen-meines-portrait-fotos-das-symbol-einer-uhr-anstelle-des-bildes HTTP/1.1" 200 1524 "-" "Mozilla/5.0 (compatible; DotBot/1.1; http://www.opensiteexplorer.org/dotbot, help@moz.com)" international-dating-portal.com
208.115.113.83 - - [11/May/2016:02:02:23 +0200] "GET /joomla/idp_production16/index.php/de/component/comprofiler/registers HTTP/1.1" 404 343 "-" "Mozilla/5.0 (compatible; DotBot/1.1; http://www.opensiteexplorer.org/dotbot, help@moz.com)" web180.login-94.hoststar.ch
180.76.15.9 - - [11/May/2016:06:33:31 +0200] "GET /index.php/en/help/161-i-no-longer-wish-to-receive-messages-from-a-member-what-can-i-do HTTP/1.1" 200 3891 "-" "Mozilla/5.0 (compatible; Baiduspider/2.0; +http://www.baidu.com/search/spider.html)" international-dating-portal.com
180.76.15.162 - - [11/May/2016:07:30:07 +0200] "GET /index.php/en/help/152-why-can-t-i-upload-gallery-pictures HTTP/1.1" 200 3821 "-" "Mozilla/5.0 (compatible; Baiduspider/2.0; +http://www.baidu.com/search/spider.html)" www.international-dating-portal.com
40.77.167.81 - - [11/May/2016:10:04:32 +0200] "GET /index.php/de/hilfe/81-wie-kann-ich-meine-registrierung-wieder-loeschen HTTP/1.1" 200 4258 "-" "Mozilla/5.0 (compatible; bingbot/2.0; +http://www.bing.com/bingbot.htm)" www.international-dating-portal.com
40.77.167.81 - - [11/May/2016:10:04:33 +0200] "GET /index.php/de/datenschutzbestimmungen HTTP/1.1" 200 5930 "-" "Mozilla/5.0 (compatible; bingbot/2.0; +http://www.bing.com/bingbot.htm)" www.international-dating-portal.com
157.55.39.215 - - [11/May/2016:10:04:45 +0200] "GET / HTTP/1.1" 200 4249 "-" "Mozilla/5.0 (compatible; bingbot/2.0; +http://www.bing.com/bingbot.htm)" www.international-dating-portal.com
157.55.39.215 - - [11/May/2016:10:04:46 +0200] "GET /index.php/de/allgemeine-geschaeftsbedingungen-agb HTTP/1.1" 200 6746 "-" "Mozilla/5.0 (compatible; bingbot/2.0; +http://www.bing.com/bingbot.htm)" www.international-dating-portal.com
157.55.39.215 - - [11/May/2016:10:04:46 +0200] "GET /index.php/de/component/content/article/77-hilfe1/133-wozu-benoetigt-man-einen-sicherheitscode HTTP/1.1" 200 3988 "-" "Mozilla/5.0 (compatible; bingbot/2.0; +http://www.bing.com/bingbot.htm)" www.international-dating-portal.com
157.55.39.215 - - [11/May/2016:10:04:47 +0200] "GET /index.php/de/hilfe/115-warum-funktioniert-das-hochladen-von-bildern-funktioniert-nicht HTTP/1.1" 200 3979 "-" "Mozilla/5.0 (compatible; bingbot/2.0; +http://www.bing.com/bingbot.htm)" www.international-dating-portal.com
157.55.39.215 - - [11/May/2016:10:04:48 +0200] "GET /index.php/de/component/content/article?id=109:wie-kann-ich-ein-abonnement-kaufen HTTP/1.1" 200 3847 "-" "Mozilla/5.0 (compatible; bingbot/2.0; +http://www.bing.com/bingbot.htm)" www.international-dating-portal.com
157.55.39.215 - - [11/May/2016:10:04:49 +0200] "GET /index.php/de/component/content/article?id=90:wie-kann-ich-nach-der-registrierung-mein-passwort-aendern HTTP/1.1" 200 3915 "-" "Mozilla/5.0 (compatible; bingbot/2.0; +http://www.bing.com/bingbot.htm)" www.international-dating-portal.com
157.55.39.215 - - [11/May/2016:10:04:49 +0200] "GET /index.php/en/data-protection-provisions HTTP/1.1" 200 5412 "-" "Mozilla/5.0 (compatible; bingbot/2.0; +http://www.bing.com/bingbot.htm)" www.international-dating-portal.com
157.55.39.138 - - [11/May/2016:10:04:57 +0200] "GET /index.php/en/general-terms-and-conditions-gt-cs HTTP/1.1" 200 6060 "-" "Mozilla/5.0 (compatible; bingbot/2.0; +http://www.bing.com/bingbot.htm)" www.international-dating-portal.com
157.55.39.209 - - [11/May/2016:10:05:33 +0200] "GET /index.php/de/ HTTP/1.1" 200 4512 "-" "Mozilla/5.0 (compatible; bingbot/2.0; +http://www.bing.com/bingbot.htm)" www.international-dating-portal.com
157.55.39.209 - - [11/May/2016:10:05:34 +0200] "GET /index.php/de/hilfe HTTP/1.1" 200 4447 "-" "Mozilla/5.0 (compatible; bingbot/2.0; +http://www.bing.com/bingbot.htm)" www.international-dating-portal.com
157.55.39.209 - - [11/May/2016:10:05:35 +0200] "GET /index.php/de/hilfe/113-wozu-dient-das-suchen-feld-rechts-oben?tmpl=component&print=1&page= HTTP/1.1" 200 1130 "-" "Mozilla/5.0 (compatible; bingbot/2.0; +http://www.bing.com/bingbot.htm)" www.international-dating-portal.com
45.79.89.188 - - [11/May/2016:10:08:59 +0200] "HEAD / HTTP/1.1" 200 - "http://uptime.com/international-dating-portal.com" "Mozilla/5.0 (compatible; Uptimebot/1.0; +http://www.uptime.com/uptimebot)" international-dating-portal.com
180.76.15.14 - - [11/May/2016:10:22:28 +0200] "GET /index.php/en/help?start=20 HTTP/1.1" 200 4339 "-" "Mozilla/5.0 (compatible; Baiduspider/2.0; +http://www.baidu.com/search/spider.html)" international-dating-portal.com
180.76.15.136 - - [11/May/2016:10:33:49 +0200] "GET /index.php/de/allgemeine-geschaeftsbedingungen-agb HTTP/1.1" 200 6746 "-" "Mozilla/5.0 (compatible; Baiduspider/2.0; +http://www.baidu.com/search/spider.html)" www.international-dating-portal.com
54.204.122.24 - - [11/May/2016:10:49:41 +0200] "GET / HTTP/1.1" 200 12787 "-" "Mozilla/5.0 (Windows; U; Windows NT 6.0; en-US; rv:1.9.2.3) Gecko/20100401 Firefox/3.6.3 GTB6 (.NET CLR 3.5.30729)" international-dating-portal.com
157.55.39.215 - - [11/May/2016:11:55:13 +0200] "GET /index.php/en/help/163-how-do-i-remove-a-member-from-my-favourites-list HTTP/1.1" 200 3879 "-" "Mozilla/5.0 (compatible; bingbot/2.0; +http://www.bing.com/bingbot.htm)" www.international-dating-portal.com
157.55.39.215 - - [11/May/2016:15:48:09 +0200] "GET /index.php/en/help/172-how-do-i-upload-a-new-portrait-photo-or-change-delete-an-existing-one HTTP/1.1" 200 4051 "-" "Mozilla/5.0 (compatible; bingbot/2.0; +http://www.bing.com/bingbot.htm)" www.international-dating-portal.com
180.76.15.27 - - [11/May/2016:18:16:36 +0200] "GET /index.php/en/costs HTTP/1.1" 200 4441 "-" "Mozilla/5.0 (compatible; Baiduspider/2.0; +http://www.baidu.com/search/spider.html)" www.international-dating-portal.com
220.181.108.146 - - [11/May/2016:20:08:25 +0200] "GET / HTTP/1.1" 200 4241 "-" "Mozilla/5.0 (compatible; Baiduspider/2.0; +http://www.baidu.com/search/spider.html)" international-dating-portal.com
180.76.15.147 - - [11/May/2016:20:32:17 +0200] "GET /index.php/en/costs HTTP/1.1" 200 4435 "-" "Mozilla/5.0 (compatible; Baiduspider/2.0; +http://www.baidu.com/search/spider.html)" international-dating-portal.com
208.115.111.66 - - [11/May/2016:21:31:35 +0200] "GET /robots.txt HTTP/1.1" 404 285 "-" "Mozilla/5.0 (compatible; DotBot/1.1; http://www.opensiteexplorer.org/dotbot, help@moz.com)" web180.login-94.hoststar.ch
45.33.36.127 - - [11/May/2016:22:49:12 +0200] "HEAD / HTTP/1.1" 200 - "http://uptime.com/international-dating-portal.com" "Mozilla/5.0 (compatible; Uptimebot/1.0; +http://www.uptime.com/uptimebot)" international-dating-portal.com
208.115.111.66 - - [11/May/2016:23:10:56 +0200] "GET /joomla/idp_production16/index.php/en/help/180-how-do-i-log-in HTTP/1.1" 404 336 "-" "Mozilla/5.0 (compatible; DotBot/1.1; http://www.opensiteexplorer.org/dotbot, help@moz.com)" web180.login-94.hoststar.ch
208.115.111.66 - - [11/May/2016:23:10:58 +0200] "GET /joomla/idp_production16/index.php/en/general-terms-and-conditions-gt-cs?tmpl=component&print=1&page= HTTP/1.1" 404 346 "-" "Mozilla/5.0 (compatible; DotBot/1.1; http://www.opensiteexplorer.org/dotbot, help@moz.com)" web180.login-94.hoststar.ch
141.8.132.5 - - [12/May/2016:02:24:01 +0200] "GET /robots.txt HTTP/1.1" 200 865 "-" "Mozilla/5.0 (compatible; YandexBot/3.0; +http://yandex.com/bots)" international-dating-portal.com
93.158.152.17 - - [12/May/2016:02:24:01 +0200] "GET /robots.txt HTTP/1.1" 200 865 "-" "Mozilla/5.0 (compatible; YandexBot/3.0; +http://yandex.com/bots)" www.international-dating-portal.com
141.8.132.5 - - [12/May/2016:02:24:05 +0200] "GET / HTTP/1.1" 200 4248 "-" "Mozilla/5.0 (compatible; YandexBot/3.0; +http://yandex.com/bots)" www.international-dating-portal.com
93.158.152.17 - - [12/May/2016:02:24:05 +0200] "GET / HTTP/1.1" 200 4241 "-" "Mozilla/5.0 (compatible; YandexBot/3.0; +http://yandex.com/bots)" international-dating-portal.com
93.158.152.17 - - [12/May/2016:02:24:09 +0200] "GET /index.php/en/ HTTP/1.1" 200 4261 "-" "Mozilla/5.0 (compatible; YandexBot/3.0; +http://yandex.com/bots)" international-dating-portal.com
93.158.152.17 - - [12/May/2016:02:24:09 +0200] "GET /index.php/en/ HTTP/1.1" 200 4264 "-" "Mozilla/5.0 (compatible; YandexBot/3.0; +http://yandex.com/bots)" www.international-dating-portal.com
141.8.132.5 - - [12/May/2016:02:24:13 +0200] "GET / HTTP/1.1" 200 4242 "-" "Mozilla/5.0 (compatible; YandexBot/3.0; +http://yandex.com/bots)" international-dating-portal.com
141.8.132.5 - - [12/May/2016:02:24:13 +0200] "GET / HTTP/1.1" 200 4248 "-" "Mozilla/5.0 (compatible; YandexBot/3.0; +http://yandex.com/bots)" www.international-dating-portal.com
180.76.15.140 - - [12/May/2016:02:24:16 +0200] "GET /robots.txt HTTP/1.1" 200 399 "-" "Mozilla/5.0 (Windows NT 5.1; rv:6.0.2) Gecko/20100101 Firefox/6.0.2" international-dating-portal.com
180.76.15.7 - - [12/May/2016:02:25:08 +0200] "GET /index.php/en/component/search/?Itemid=495&catid=82&id=182&format=opensearch HTTP/1.1" 200 376 "-" "Mozilla/5.0 (compatible; Baiduspider/2.0; +http://www.baidu.com/search/spider.html)" international-dating-portal.com
62.210.162.42 - - [12/May/2016:02:52:49 +0200] "POST //modules/mod_simplefileuploadv1.3/elements/udd.php HTTP/1.1" 403 336 "http://www.international-dating-portal.com//modules/mod_simplefileuploadv1.3/elements/udd.php" "Mozilla/5.0 (Windows; Windows NT 5.1; en-US) Firefox/3.5.0" www.international-dating-portal.com
62.210.162.42 - - [12/May/2016:02:52:51 +0200] "GET //modules/mod_simplefileuploadv1.3/elements/Simplefileupload.php HTTP/1.1" 200 624 "http://www.googlebot.com/bot.html" "Mozilla/5.0 (compatible; Googlebot/2.1; +http://www.google.com/bot.html)" www.international-dating-portal.com
207.46.13.42 - - [12/May/2016:04:50:33 +0200] "GET /index.php/de/hilfe/74-wie-kann-ich-mich-registrieren HTTP/1.1" 200 5004 "-" "Mozilla/5.0 (compatible; bingbot/2.0; +http://www.bing.com/bingbot.htm)" www.international-dating-portal.com
45.79.89.188 - - [12/May/2016:06:46:31 +0200] "HEAD / HTTP/1.1" 200 - "http://uptime.com/international-dating-portal.com" "Mozilla/5.0 (compatible; Uptimebot/1.0; +http://www.uptime.com/uptimebot)" international-dating-portal.com
198.50.200.135 - - [12/May/2016:07:28:13 +0200] "GET / HTTP/1.1" 200 4242 "http://hundejo.com/" "Mozilla/5.0 (X11; Linux x86_64) AppleWebKit/537.36 (KHTML, like Gecko) Chrome/37.0.2062.120 Safari/537.36" international-dating-portal.com
157.55.39.215 - - [12/May/2016:10:12:30 +0200] "GET /index.php/en/help/172-how-do-i-upload-a-new-portrait-photo-or-change-delete-an-existing-one HTTP/1.1" 200 4055 "-" "Mozilla/5.0 (compatible; bingbot/2.0; +http://www.bing.com/bingbot.htm)" www.international-dating-portal.com
180.76.15.29 - - [12/May/2016:10:27:00 +0200] "GET /index.php/en/component/search/?Itemid=495&catid=82&id=183&format=opensearch HTTP/1.1" 200 383 "-" "Mozilla/5.0 (compatible; Baiduspider/2.0; +http://www.baidu.com/search/spider.html)" www.international-dating-portal.com
40.77.167.41 - - [12/May/2016:10:44:34 +0200] "GET /index.php/de/component/comprofiler/lostpassword HTTP/1.1" 200 4931 "-" "Mozilla/5.0 (compatible; bingbot/2.0; +http://www.bing.com/bingbot.htm)" www.international-dating-portal.com
40.77.167.41 - - [12/May/2016:10:44:35 +0200] "GET /index.php/de/hilfe/105-ein-mitglied-haelt-sich-nicht-an-die-regeln-was-kann-ich-tun?tmpl=component&print=1&page= HTTP/1.1" 200 1651 "-" "Mozilla/5.0 (compatible; bingbot/2.0; +http://www.bing.com/bingbot.htm)" www.international-dating-portal.com
40.77.167.41 - - [12/May/2016:10:44:35 +0200] "GET /index.php/de/impressum HTTP/1.1" 200 3819 "-" "Mozilla/5.0 (compatible; bingbot/2.0; +http://www.bing.com/bingbot.htm)" www.international-dating-portal.com
40.77.167.41 - - [12/May/2016:10:44:36 +0200] "GET /index.php/de/component/comprofiler/registers HTTP/1.1" 200 7226 "-" "Mozilla/5.0 (compatible; bingbot/2.0; +http://www.bing.com/bingbot.htm)" www.international-dating-portal.com
157.55.39.215 - - [12/May/2016:10:44:38 +0200] "GET /index.php/en/help/179-why-is-an-activation-email-sent-after-registration?tmpl=component&print=1&page= HTTP/1.1" 200 1228 "-" "Mozilla/5.0 (compatible; bingbot/2.0; +http://www.bing.com/bingbot.htm)" www.international-dating-portal.com
157.55.39.215 - - [12/May/2016:10:44:39 +0200] "GET /index.php/de/hilfe/104-ich-moechte-von-einem-mitglied-keine-nachrichten-mehr-empfangen-was-kann-ich-tun?tmpl=component&print=1&page= HTTP/1.1" 200 1376 "-" "Mozilla/5.0 (compatible; bingbot/2.0; +http://www.bing.com/bingbot.htm)" www.international-dating-portal.com
157.55.39.172 - - [12/May/2016:10:44:55 +0200] "GET /index.php/en/help/140-what-is-paypal?tmpl=component&print=1&page= HTTP/1.1" 200 1001 "-" "Mozilla/5.0 (compatible; bingbot/2.0; +http://www.bing.com/bingbot.htm)" www.international-dating-portal.com
157.55.39.172 - - [12/May/2016:10:44:56 +0200] "GET /index.php/en/help?start=10 HTTP/1.1" 200 4438 "-" "Mozilla/5.0 (compatible; bingbot/2.0; +http://www.bing.com/bingbot.htm)" www.international-dating-portal.com
157.55.39.172 - - [12/May/2016:10:44:56 +0200] "GET /index.php/de/component/content/article/77-hilfe1/90-wie-kann-ich-nach-der-registrierung-mein-passwort-aendern HTTP/1.1" 200 3951 "-" "Mozilla/5.0 (compatible; bingbot/2.0; +http://www.bing.com/bingbot.htm)" www.international-dating-portal.com
208.115.111.66 - - [12/May/2016:11:11:22 +0200] "GET /robots.txt HTTP/1.1" 404 285 "-" "Mozilla/5.0 (compatible; DotBot/1.1; http://www.opensiteexplorer.org/dotbot, help@moz.com)" web180.login-94.hoststar.ch
208.115.111.66 - - [12/May/2016:12:55:25 +0200] "GET /joomla/idp_production16/index.php/de/hilfe/82-wie-kann-ich-mich-anmelden HTTP/1.1" 404 347 "-" "Mozilla/5.0 (compatible; DotBot/1.1; http://www.opensiteexplorer.org/dotbot, help@moz.com)" web180.login-94.hoststar.ch
208.115.111.66 - - [12/May/2016:13:19:14 +0200] "GET /robots.txt HTTP/1.1" 404 285 "-" "Mozilla/5.0 (compatible; DotBot/1.1; http://www.opensiteexplorer.org/dotbot, help@moz.com)" web180.login-94.hoststar.ch
157.55.39.172 - - [12/May/2016:13:50:58 +0200] "GET /index.php/de/hilfe/119-wie-kann-ich-ein-gesperrtes-mitglied-wieder-entsperren HTTP/1.1" 200 4167 "-" "Mozilla/5.0 (compatible; bingbot/2.0; +http://www.bing.com/bingbot.htm)" www.international-dating-portal.com
208.115.111.66 - - [12/May/2016:14:55:45 +0200] "GET /joomla/idp_production16/index.php/en/help HTTP/1.1" 404 316 "-" "Mozilla/5.0 (compatible; DotBot/1.1; http://www.opensiteexplorer.org/dotbot, help@moz.com)" web180.login-94.hoststar.ch
208.115.113.83 - - [12/May/2016:16:32:55 +0200] "GET /robots.txt HTTP/1.1" 404 285 "-" "Mozilla/5.0 (compatible; DotBot/1.1; http://www.opensiteexplorer.org/dotbot, help@moz.com)" web180.login-94.hoststar.ch
66.249.66.181 - - [12/May/2016:16:50:47 +0200] "GET /robots.txt HTTP/1.1" 200 399 "-" "Mozilla/5.0 (compatible; Googlebot/2.1; +http://www.google.com/bot.html)" international-dating-portal.com
66.249.66.178 - - [12/May/2016:16:50:47 +0200] "GET /index.php/de/hilfe/101-wie-kann-ich-ein-mitglied-meiner-favoritenliste-hinzufuegen HTTP/1.1" 200 4393 "-" "Mozilla/5.0 (compatible; Googlebot/2.1; +http://www.google.com/bot.html)" international-dating-portal.com
208.115.111.66 - - [12/May/2016:17:24:50 +0200] "GET /robots.txt HTTP/1.1" 404 285 "-" "Mozilla/5.0 (compatible; DotBot/1.1; http://www.opensiteexplorer.org/dotbot, help@moz.com)" web180.login-94.hoststar.ch
208.115.113.83 - - [12/May/2016:17:59:54 +0200] "GET /joomla/idp_production16/index.php/de/hilfe/129-wie-kann-ich-mich-abmelden?tmpl=component&print=1&page= HTTP/1.1" 404 348 "-" "Mozilla/5.0 (compatible; DotBot/1.1; http://www.opensiteexplorer.org/dotbot, help@moz.com)" web180.login-94.hoststar.ch
208.115.113.83 - - [12/May/2016:17:59:56 +0200] "GET /joomla/idp_production16/index.php/de/hilfe/126-kann-ich-ein-bereits-gekauftes-abonnement-upgraden?tmpl=component&print=1&page= HTTP/1.1" 404 372 "-" "Mozilla/5.0 (compatible; DotBot/1.1; http://www.opensiteexplorer.org/dotbot, help@moz.com)" web180.login-94.hoststar.ch
93.158.152.201 - - [12/May/2016:18:28:31 +0200] "GET /robots.txt HTTP/1.1" 200 865 "-" "Mozilla/5.0 (compatible; YandexBot/3.0; +http://yandex.com/bots)" www.international-dating-portal.com
93.158.152.201 - - [12/May/2016:18:28:35 +0200] "GET / HTTP/1.1" 200 4248 "-" "Mozilla/5.0 (compatible; YandexBot/3.0; +http://yandex.com/bots)" www.international-dating-portal.com
93.158.152.201 - - [12/May/2016:18:28:39 +0200] "GET /index.php/en/ HTTP/1.1" 200 4264 "-" "Mozilla/5.0 (compatible; YandexBot/3.0; +http://yandex.com/bots)" www.international-dating-portal.com
208.115.111.66 - - [12/May/2016:18:55:36 +0200] "GET /joomla/idp_production16/index.php/en/imprint HTTP/1.1" 404 319 "-" "Mozilla/5.0 (compatible; DotBot/1.1; http://www.opensiteexplorer.org/dotbot, help@moz.com)" web180.login-94.hoststar.ch
157.55.39.124 - - [12/May/2016:19:41:52 +0200] "GET /index.php/en/help/152-why-can-t-i-upload-gallery-pictures HTTP/1.1" 200 3821 "-" "Mozilla/5.0 (compatible; bingbot/2.0; +http://www.bing.com/bingbot.htm)" www.international-dating-portal.com
180.76.15.32 - - [12/May/2016:19:54:18 +0200] "GET / HTTP/1.1" 200 20 "-" "Mozilla/5.0 (compatible; Baiduspider/2.0; +http://www.baidu.com/search/spider.html)" www.international-dating-portal.com
180.76.15.156 - - [12/May/2016:19:54:18 +0200] "GET /index.php/en/ HTTP/1.1" 200 4262 "-" "Mozilla/5.0 (compatible; Baiduspider/2.0; +http://www.baidu.com/search/spider.html)" www.international-dating-portal.com
66.249.66.181 - - [12/May/2016:21:26:35 +0200] "GET /index.php/de/hilfe/85-kann-ich-das-bei-der-registrierung-gewaehlte-pseudonym-nach-der-aktivierung-meines-profils-veraendern HTTP/1.1" 200 4082 "-" "Mozilla/5.0 (compatible; Googlebot/2.1; +http://www.google.com/bot.html)" international-dating-portal.com
180.76.15.17 - - [12/May/2016:22:46:32 +0200] "GET /index.php/en/help?start=40 HTTP/1.1" 200 4038 "-" "Mozilla/5.0 (compatible; Baiduspider/2.0; +http://www.baidu.com/search/spider.html)" www.international-dating-portal.com
40.77.167.79 - - [12/May/2016:23:37:35 +0200] "GET /robots.txt HTTP/1.1" 200 865 "-" "Mozilla/5.0 (compatible; bingbot/2.0; +http://www.bing.com/bingbot.htm)" www.international-dating-portal.com
40.77.167.79 - - [12/May/2016:23:37:37 +0200] "GET /index.php/en/help/151-i-did-not-find-a-solution-to-my-problem-in-the-help-section-what-can-i-do HTTP/1.1" 200 3781 "-" "Mozilla/5.0 (compatible; bingbot/2.0; +http://www.bing.com/bingbot.htm)" www.international-dating-portal.com
180.76.15.18 - - [13/May/2016:00:20:21 +0200] "GET /index.php/en/help?start=10 HTTP/1.1" 200 4433 "-" "Mozilla/5.0 (compatible; Baiduspider/2.0; +http://www.baidu.com/search/spider.html)" international-dating-portal.com
141.8.132.5 - - [13/May/2016:00:20:35 +0200] "GET /robots.txt HTTP/1.1" 200 865 "-" "Mozilla/5.0 (compatible; YandexBot/3.0; +http://yandex.com/bots)" www.international-dating-portal.com
141.8.132.5 - - [13/May/2016:00:20:35 +0200] "GET /robots.txt HTTP/1.1" 200 865 "-" "Mozilla/5.0 (compatible; YandexBot/3.0; +http://yandex.com/bots)" international-dating-portal.com
93.158.152.17 - - [13/May/2016:00:20:39 +0200] "GET / HTTP/1.1" 200 4243 "-" "Mozilla/5.0 (compatible; YandexBot/3.0; +http://yandex.com/bots)" international-dating-portal.com
141.8.132.5 - - [13/May/2016:00:20:39 +0200] "GET / HTTP/1.1" 200 4249 "-" "Mozilla/5.0 (compatible; YandexBot/3.0; +http://yandex.com/bots)" www.international-dating-portal.com
141.8.132.87 - - [13/May/2016:00:20:42 +0200] "GET /index.php/en/ HTTP/1.1" 200 4263 "-" "Mozilla/5.0 (compatible; YandexBot/3.0; +http://yandex.com/bots)" www.international-dating-portal.com
141.8.132.5 - - [13/May/2016:00:20:43 +0200] "GET /index.php/en/ HTTP/1.1" 200 4260 "-" "Mozilla/5.0 (compatible; YandexBot/3.0; +http://yandex.com/bots)" international-dating-portal.com
141.8.132.87 - - [13/May/2016:00:20:46 +0200] "GET / HTTP/1.1" 200 4248 "-" "Mozilla/5.0 (compatible; YandexBot/3.0; +http://yandex.com/bots)" www.international-dating-portal.com
141.8.132.5 - - [13/May/2016:00:20:46 +0200] "GET / HTTP/1.1" 200 4243 "-" "Mozilla/5.0 (compatible; YandexBot/3.0; +http://yandex.com/bots)" international-dating-portal.com
208.115.113.83 - - [13/May/2016:00:38:40 +0200] "GET /robots.txt HTTP/1.1" 404 285 "-" "Mozilla/5.0 (compatible; DotBot/1.1; http://www.opensiteexplorer.org/dotbot, help@moz.com)" web180.login-94.hoststar.ch
157.55.39.172 - - [13/May/2016:01:28:32 +0200] "GET /robots.txt HTTP/1.1" 200 865 "-" "Mozilla/5.0 (compatible; bingbot/2.0; +http://www.bing.com/bingbot.htm)" www.international-dating-portal.com
157.55.39.172 - - [13/May/2016:01:28:37 +0200] "GET /index.php/de/hilfe/128-ich-habe-nach-der-registrierung-keine-aktivierungs-e-mail-bekommen-was-kann-ich-tun HTTP/1.1" 200 3861 "-" "Mozilla/5.0 (compatible; bingbot/2.0; +http://www.bing.com/bingbot.htm)" www.international-dating-portal.com
208.115.113.83 - - [13/May/2016:02:03:35 +0200] "GET /joomla/idp_production16/index.php/en/help/183-how-do-i-register HTTP/1.1" 404 338 "-" "Mozilla/5.0 (compatible; DotBot/1.1; http://www.opensiteexplorer.org/dotbot, help@moz.com)" web180.login-94.hoststar.ch
66.249.66.167 - - [13/May/2016:02:29:26 +0200] "GET /robots.txt HTTP/1.1" 200 399 "-" "Mozilla/5.0 (compatible; Googlebot/2.1; +http://www.google.com/bot.html)" www.international-dating-portal.com
66.249.66.169 - - [13/May/2016:02:29:27 +0200] "GET / HTTP/1.1" 200 4250 "-" "Mozilla/5.0 (Linux; Android 6.0.1; Nexus 5X Build/MMB29P) AppleWebKit/537.36 (KHTML, like Gecko) Chrome/41.0.2272.96 Mobile Safari/537.36 (compatible; Googlebot/2.1; +http://www.google.com/bot.html)" www.international-dating-portal.com
40.77.167.44 - - [13/May/2016:04:07:20 +0200] "GET /index.php/en/help/152-why-can-t-i-upload-gallery-pictures HTTP/1.1" 200 3822 "-" "Mozilla/5.0 (compatible; bingbot/2.0; +http://www.bing.com/bingbot.htm)" www.international-dating-portal.com
157.55.39.172 - - [13/May/2016:04:43:33 +0200] "GET /index.php/de/hilfe/93-warum-sehe-ich-nach-dem-hochladen-meines-portraits-das-symbol-einer-uhr-anstelle-des-bildes HTTP/1.1" 200 3947 "-" "Mozilla/5.0 (compatible; bingbot/2.0; +http://www.bing.com/bingbot.htm)" www.international-dating-portal.com
180.76.15.8 - - [13/May/2016:04:44:33 +0200] "GET / HTTP/1.1" 200 20 "-" "Mozilla/5.0 (compatible; Baiduspider/2.0; +http://www.baidu.com/search/spider.html)" international-dating-portal.com
180.76.15.10 - - [13/May/2016:04:44:34 +0200] "GET /index.php/en/ HTTP/1.1" 200 4259 "-" "Mozilla/5.0 (compatible; Baiduspider/2.0; +http://www.baidu.com/search/spider.html)" international-dating-portal.com
117.2.88.17 - - [13/May/2016:04:56:59 +0200] "GET /?author=1 HTTP/1.1" 200 20 "-" "Mozilla/5.0 (Windows NT 6.3; WOW64; rv:28.0) Gecko/20100101 Firefox/28.0" international-dating-portal.com
117.2.88.17 - - [13/May/2016:04:56:59 +0200] "GET /index.php/en/?author=1 HTTP/1.1" 200 4271 "-" "Mozilla/5.0 (Windows NT 6.3; WOW64; rv:28.0) Gecko/20100101 Firefox/28.0" international-dating-portal.com
117.2.88.17 - - [13/May/2016:04:57:00 +0200] "GET /administrator/index.php HTTP/1.1" 200 20 "-" "Mozilla/5.0 (Windows NT 6.3; WOW64; rv:28.0) Gecko/20100101 Firefox/28.0" international-dating-portal.com
117.2.88.17 - - [13/May/2016:04:57:02 +0200] "GET / HTTP/1.1" 200 20 "-" "Mozilla/5.0 (Windows NT 6.3; WOW64; rv:28.0) Gecko/20100101 Firefox/28.0" international-dating-portal.com
117.2.88.17 - - [13/May/2016:04:57:02 +0200] "GET /index.php/en/ HTTP/1.1" 200 4260 "-" "Mozilla/5.0 (Windows NT 6.3; WOW64; rv:28.0) Gecko/20100101 Firefox/28.0" international-dating-portal.com
208.115.111.66 - - [13/May/2016:07:06:50 +0200] "GET /robots.txt HTTP/1.1" 404 285 "-" "Mozilla/5.0 (compatible; DotBot/1.1; http://www.opensiteexplorer.org/dotbot, help@moz.com)" web180.login-94.hoststar.ch
86.122.244.157 - - [13/May/2016:08:25:04 +0200] "GET / HTTP/1.1" 200 20 "https://www.google.com" "Mozilla/5.0 (Windows NT 6.1; WOW64; rv:44.0) Gecko/20100101 Firefox/44.0" www.international-dating-portal.com
86.122.244.157 - - [13/May/2016:08:25:05 +0200] "GET /index.php/en/ HTTP/1.1" 200 4262 "http://www.international-dating-portal.com/" "Go-http-client/1.1" www.international-dating-portal.com
208.115.111.66 - - [13/May/2016:09:06:43 +0200] "GET /joomla/idp_production16/index.php/en/help/182-why-do-i-have-to-register HTTP/1.1" 404 346 "-" "Mozilla/5.0 (compatible; DotBot/1.1; http://www.opensiteexplorer.org/dotbot, help@moz.com)" web180.login-94.hoststar.ch
208.115.111.66 - - [13/May/2016:09:06:45 +0200] "GET /joomla/idp_production16/index.php/de/hilfe?start=10 HTTP/1.1" 404 317 "-" "Mozilla/5.0 (compatible; DotBot/1.1; http://www.opensiteexplorer.org/dotbot, help@moz.com)" web180.login-94.hoststar.ch
31.10.152.226 - - [13/May/2016:09:56:57 +0200] "GET /joomla/pre_production/index.php?lang=de HTTP/1.1" 200 5098 "-" "Mozilla/5.0 (Windows NT 10.0; rv:46.0) Gecko/20100101 Firefox/46.0" web180.login-94.hoststar.ch
31.10.152.226 - - [13/May/2016:09:57:16 +0200] "POST /joomla/pre_production/index.php/de/cb-login/login HTTP/1.1" 200 20 "http://web180.login-94.hoststar.ch/joomla/pre_production/index.php?lang=de" "Mozilla/5.0 (Windows NT 10.0; rv:46.0) Gecko/20100101 Firefox/46.0" web180.login-94.hoststar.ch
31.10.152.226 - - [13/May/2016:09:57:17 +0200] "GET /joomla/pre_production/index.php?lang=de HTTP/1.1" 200 5571 "http://web180.login-94.hoststar.ch/joomla/pre_production/index.php?lang=de" "Mozilla/5.0 (Windows NT 10.0; rv:46.0) Gecko/20100101 Firefox/46.0" web180.login-94.hoststar.ch
31.10.152.226 - - [13/May/2016:09:57:18 +0200] "GET /joomla/pre_production/components/com_comprofiler/js/jquery/jquery-1.11.2.min.js?v=914b4ff2d652a25c HTTP/1.1" 304 - "http://web180.login-94.hoststar.ch/joomla/pre_production/index.php?lang=de" "Mozilla/5.0 (Windows NT 10.0; rv:46.0) Gecko/20100101 Firefox/46.0" web180.login-94.hoststar.ch
31.10.152.226 - - [13/May/2016:09:57:18 +0200] "GET /joomla/pre_production/components/com_comprofiler/js/jquery/jquery.migrate.min.js?v=914b4ff2d652a25c HTTP/1.1" 304 - "http://web180.login-94.hoststar.ch/joomla/pre_production/index.php?lang=de" "Mozilla/5.0 (Windows NT 10.0; rv:46.0) Gecko/20100101 Firefox/46.0" web180.login-94.hoststar.ch
31.10.152.226 - - [13/May/2016:09:57:18 +0200] "GET /joomla/pre_production/components/com_comprofiler/js/jquery/jquery.cbtabs.min.js?v=914b4ff2d652a25c HTTP/1.1" 304 - "http://web180.login-94.hoststar.ch/joomla/pre_production/index.php?lang=de" "Mozilla/5.0 (Windows NT 10.0; rv:46.0) Gecko/20100101 Firefox/46.0" web180.login-94.hoststar.ch
31.10.152.226 - - [13/May/2016:09:57:18 +0200] "GET /joomla/pre_production/images/comprofiler/tn349_571097961bdbc.JPG HTTP/1.1" 304 - "http://web180.login-94.hoststar.ch/joomla/pre_production/index.php?lang=de" "Mozilla/5.0 (Windows NT 10.0; rv:46.0) Gecko/20100101 Firefox/46.0" web180.login-94.hoststar.ch
31.10.152.226 - - [13/May/2016:09:57:21 +0200] "GET /joomla/pre_production/index.php/de/cb-profile/userprofile HTTP/1.1" 200 10863 "http://web180.login-94.hoststar.ch/joomla/pre_production/index.php?lang=de" "Mozilla/5.0 (Windows NT 10.0; rv:46.0) Gecko/20100101 Firefox/46.0" web180.login-94.hoststar.ch
31.10.152.226 - - [13/May/2016:09:57:23 +0200] "GET /joomla/pre_production/index.php?option=com_comprofiler&view=pluginclass&plugin=cbgallery&action=items&func=preview&type=photos&id=147&user=349&tab=49&v=573588e2369ea&Itemid=777&format=raw HTTP/1.1" 200 20 "http://web180.login-94.hoststar.ch/joomla/pre_production/index.php/de/cb-profile/userprofile" "Mozilla/5.0 (Windows NT 10.0; rv:46.0) Gecko/20100101 Firefox/46.0" web180.login-94.hoststar.ch
31.10.152.226 - - [13/May/2016:09:57:23 +0200] "GET /joomla/pre_production/index.php?option=com_comprofiler&view=pluginclass&plugin=cbgallery&action=items&func=preview&type=photos&id=145&user=349&tab=49&v=573588e2398cc&Itemid=777&format=raw HTTP/1.1" 200 20 "http://web180.login-94.hoststar.ch/joomla/pre_production/index.php/de/cb-profile/userprofile" "Mozilla/5.0 (Windows NT 10.0; rv:46.0) Gecko/20100101 Firefox/46.0" web180.login-94.hoststar.ch
31.10.152.226 - - [13/May/2016:09:57:23 +0200] "GET /joomla/pre_production/index.php?option=com_comprofiler&view=pluginclass&plugin=cbgallery&action=items&func=preview&type=photos&id=148&user=349&tab=49&v=573588e233b1e&Itemid=777&format=raw HTTP/1.1" 200 20 "http://web180.login-94.hoststar.ch/joomla/pre_production/index.php/de/cb-profile/userprofile" "Mozilla/5.0 (Windows NT 10.0; rv:46.0) Gecko/20100101 Firefox/46.0" web180.login-94.hoststar.ch
31.10.152.226 - - [13/May/2016:09:57:23 +0200] "GET /joomla/pre_production/index.php?option=com_comprofiler&view=pluginclass&plugin=cbgallery&action=items&func=preview&type=photos&id=142&user=349&tab=49&v=573588e23c7ab&Itemid=777&format=raw HTTP/1.1" 200 20 "http://web180.login-94.hoststar.ch/joomla/pre_production/index.php/de/cb-profile/userprofile" "Mozilla/5.0 (Windows NT 10.0; rv:46.0) Gecko/20100101 Firefox/46.0" web180.login-94.hoststar.ch
31.10.152.226 - - [13/May/2016:09:57:23 +0200] "GET /joomla/pre_production/components/com_comprofiler/plugin/user/plug_cbpaidsubscriptions/templates/default/cbpaidsubscriptions.css?v=fb71a4e577b97efc HTTP/1.1" 304 - "http://web180.login-94.hoststar.ch/joomla/pre_production/index.php/de/cb-profile/userprofile" "Mozilla/5.0 (Windows NT 10.0; rv:46.0) Gecko/20100101 Firefox/46.0" web180.login-94.hoststar.ch
31.10.152.226 - - [13/May/2016:09:57:23 +0200] "GET /joomla/pre_production/components/com_comprofiler/plugin/user/plug_cbgallery/templates/default/template.css?v=ddf2685db7e9082b HTTP/1.1" 304 - "http://web180.login-94.hoststar.ch/joomla/pre_production/index.php/de/cb-profile/userprofile" "Mozilla/5.0 (Windows NT 10.0; rv:46.0) Gecko/20100101 Firefox/46.0" web180.login-94.hoststar.ch
31.10.152.226 - - [13/May/2016:09:57:23 +0200] "GET /joomla/pre_production/components/com_comprofiler/plugin/templates/default/jquery/qtip/qtip.css?v=eecf1e985ab7d3fd HTTP/1.1" 304 - "http://web180.login-94.hoststar.ch/joomla/pre_production/index.php/de/cb-profile/userprofile" "Mozilla/5.0 (Windows NT 10.0; rv:46.0) Gecko/20100101 Firefox/46.0" web180.login-94.hoststar.ch
31.10.152.226 - - [13/May/2016:09:57:23 +0200] "GET /joomla/pre_production/index.php/de/?option=com_comprofiler&view=pluginclass&plugin=cbgallery&action=items&func=preview&type=photos&id=148&user=349&tab=49&v=573588e233b1e&Itemid=777&format=raw HTTP/1.1" 200 16854 "http://web180.login-94.hoststar.ch/joomla/pre_production/index.php/de/cb-profile/userprofile" "Mozilla/5.0 (Windows NT 10.0; rv:46.0) Gecko/20100101 Firefox/46.0" web180.login-94.hoststar.ch
